s the remainder when (116/8 + -4)*2 is divided by 12?
9
Suppose -4*g + 2*f = -64, 2*f + 3*f = g - 25. What is the remainder when 57 is divided by g?
12
Calculate the remainder when 28 + -3 + (-1 - (2 + 1)) is divided by 5.
1
Let m = -106 + 159. What is the remainder when m is divided by 18?
17
Let h = -2 - -15. Suppose 4*l = 4*m + 12, 0 = -2*m - 0*m - 2*l + 14. Let f = 7 - m. What is the remainder when h is divided by f?
3
Let q be -2 + (0 - -4 - 2). Suppose q - 2 = -2*w. Calculate the remainder when w is divided by 1.
0
Let i be ((-2)/6)/(5/45). Let s(c) = c**2 - 2*c - 3. What is the remainder when 46 is divided by s(i)?
10
Suppose 0 = -5*m + 41 + 234. Calculate the remainder when 215 is divided by m.
50
Suppose 4*x - 59 = -7. Calculate the remainder when (6/(-4))/(6/(-152)) is divided by x.
12
What is the remainder when 59 is divided by 27 + -5*4/(-4)?
27
Let s = -5 + 3. Let z be s + 6 - (0 - -2). Suppose z*o - 60 = -3*o + 2*m, -8 = -2*o + 4*m. Calculate the remainder when o is divided by 5.
4
Suppose 15*l = 17*l - 52. What is the remainder when l is divided by 7?
5
Let i(z) be the first derivative of 9*z**4/4 + 2*z**3/3 - z - 2. Calculate the remainder when i(1) is divided by 6.
4
Let c(w) = 9*w**3 - 16*w**2 + 7*w - 16. Let r(f) = 5*f**3 - 8*f**2 + 4*f - 8. Let t(u) = 6*c(u) - 11*r(u). What is the remainder when t(-8) is divided by 5?
3
Suppose -4*a = -25 - 47. Calculate the remainder when a is divided by 10.
8
Suppose 2*a = -0 + 6. Suppose -a*k = -5*k - 6. Calculate the remainder when 3 is divided by (2 - 1) + k - -4.
1
Let t = -7 + 11. Suppose -7 = -m + 4*u + 3, -t*m = -2*u - 96. Suppose -4*v = -3*o + 15, -o = 4*o + v - 48. What is the remainder when m is divided by o?
8
Suppose -m + 3*x = -14, -5*m - x = 2*x - 70. Calculate the remainder when 37 is divided by m.
9
Let j = 12 - 7. What is the remainder when 9 is divided by j?
4
Calculate the remainder when 51/17*(4 - -1) is divided by 8.
7
Suppose -3*d + 0*d = -24. Suppose -160 = -4*g - d. Calculate the remainder when g is divided by 20.
18
Suppose -34 = 7*a - 5*a. Let j be (-24)/(-10)*50/(-4). Let b = a - j. Calculate the remainder when b is divided by 8.
5
Let g(k) = -k - 2. Let w be g(-4). Suppose -t + 5*v + 5 = 0, 4*t = 3*v + w + 52. Let b(u) = 8*u + 114. What is the remainder when b(-9) is divided by t?
12
Suppose 3*h + x = 36, 2*h - 28 = -0*h - 2*x. Calculate the remainder when 43 is divided by h.
10
Suppose -6*h + 2*h + 143 = -c, -h - 2*c = -47. What is the remainder when h is divided by 19?
18
Let l(j) = 2*j + 2. Let v be l(2). Suppose v*s - 4*s = 68. Let q = -8 + 26. Calculate the remainder when s is divided by q.
16
Let l be (-5 + 13)*(-2)/(-4). Suppose -l + 8 = 2*u. Suppose -d = 3 - 4, -d = 3*i - 16. Calculate the remainder when i is divided by u.
1
Let h be (224/(-12))/(4/(-6)). Suppose 2*j - w - h = -6*w, 2*w - 72 = -4*j. Calculate the remainder when j is divided by 5.
4
Suppose 2*t = t - 2*p + 17, -5*t - 3*p + 106 = 0. Let l = t + -6. Suppose -15 - 6 = -3*f - 3*s, 5*f - 55 = 5*s. Calculate the remainder when l is divided by f.
8
Suppose 4*o - 6*o = -14. Calculate the remainder when o is divided by 2.
1
Let c(f) = f**3 + 3*f**2 + 2. Let m be c(-3). Calculate the remainder when 4/(-3)*(-3)/m is divided by 2.
0
Suppose -13*f + 109 = -99. Calculate the remainder when 24 is divided by f.
8
Suppose 92 = 2*d + 3*d - 4*f, -3*d - 3*f + 39 = 0. Suppose 3 - 127 = -4*t. What is the remainder when t is divided by d?
15
Let t(p) = -p**3 + 12*p**2 + 5. Let l(j) = j**2. Suppose 0 = -3*v + 2 + 4. What is the remainder when t(12) is divided by l(v)?
1
Let t(g) = g**3 + 11*g**2 + 8*g - 11. Let f be t(-10). Let d = f - -2. What is the remainder when d is divided by 4?
3
Suppose 0 = -2*k - k - 9, -4*o = 2*k - 2. Suppose 14 - 44 = o*z. What is the remainder when 16 is divided by 5/(z/6) + 8?
4
Suppose 3*y = 2*y + 6. Suppose 92 = y*k - 4*k. Calculate the remainder when k is divided by 16.
14
Let r(o) be the third derivative of o**4/24 + 2*o**3 - o**2. Let y = 18 - -17. Calculate the remainder when y is divided by r(0).
11
Suppose 0 = -2*t - t + 192. Let g = -43 + t. Calculate the remainder when g is divided by 6.
3
Calculate the remainder when 33 is divided by (2/4)/(3/102).
16
Let v = -15 - -30. Suppose -2*i - v = -131. Suppose 2*d - 2*k - 44 = 2*k, 3*d - 4*k - i = 0. Calculate the remainder when d is divided by 8.
6
Suppose 0*m - 20 = -4*m. Let j(v) = -14*v - 6. Let o be j(8). What is the remainder when o/(-6) + (-2)/3 is divided by m?
4
Let s(w) be the first derivative of -1 + 0*w + 1/3*w**3 + 0*w**2. Calculate the remainder when 10 is divided by s(2).
2
Let b(s) be the second derivative of s**4/3 + s**3/3 + s**2/2 - 6*s. What is the remainder when b(-3) is divided by 17?
14
Let y(a) = -a - 1. Let u(t) = 2*t + 1. Let s(z) = 3*u(z) + 7*y(z). Calculate the remainder when s(-9) is divided by 3.
2
Suppose -4*g = -18 + 42. Let i(n) = -n**2 + 2*n + 1. Let c be i(5). Let p = g - c. Calculate the remainder when 15 is divided by p.
7
Let k be 1/4*2*18. Suppose -4*l + k*l - 50 = 0. Let z = 13 + -7. What is the remainder when l is divided by z?
4
Suppose 3 = -u - 5*v - 4, 2*v - 8 = -4*u. Let j be (2 - -7) + (2 - 5). Calculate the remainder when 24 is divided by 26/j*u/1.
11
Suppose -2 = 3*y - m - 0, -10 = 5*y - 3*m. Let f = 4 - y. What is the remainder when 3 is divided by f?
0
Let x(u) = -12*u - 49. Calculate the remainder when x(-14) is divided by 25.
19
Let b(x) = 3*x - 16. Let g be b(7). Suppose 24 = g*z - t - 27, 2*z + 5*t - 42 = 0. What is the remainder when z is divided by 3?
2
Let h(f) = -3 + 0 - 3 - 8*f + 2 + f**2. What is the remainder when 18 is divided by h(9)?
3
Let o(h) = -h**2 + 12*h + 11. Calculate the remainder when 109 is divided by o(11).
21
Let z = 316 + -157. Calculate the remainder when (8/12)/2*z is divided by 18.
17
Suppose 165 = -5*n + 45. Calculate the remainder when 31 is divided by n/(-10)*(-90)/(-27).
7
Let v be (-4 + -16)/(-2*1). What is the remainder when 1/5 - (-778)/v is divided by 16?
14
Let v = 476 - 299. What is the remainder when v is divided by 36?
33
Let b(j) = j**3 + 9*j**2 + 7*j - 10. Let u be b(-8). Calculate the remainder when 6/u + (-36)/(-3) is divided by 2.
1
Suppose 0 - 10 = -2*q. Calculate the remainder when 11 is divided by q.
1
Suppose -2*a + 3*a - o - 21 = 0, -3*o + 33 = a. Calculate the remainder when a is divided by 9.
6
Suppose 0 = 2*w - 1 - 9. Suppose -2*u = -w*j + 38, -4*j + 3*j = 4*u - 12. What is the remainder when 21 is divided by j?
5
Let k(w) = w**3 - 3*w**2 + w. Let m be k(3). Suppose 30 = m*d + 2*d. What is the remainder when 9 is divided by d?
3
Let h(k) = -5*k - 3. What is the remainder when 48 is divided by h(-4)?
14
Let t = -1 + -3. Suppose -y + 4*z + 33 = 0, -y - 3*z = -1 - 4. What is the remainder when 1*49*(-4)/t is divided by y?
15
Calculate the remainder when -2 - (12/(-42) + 346/(-14)) is divided by 7.
2
Suppose 58*h = 9*h + 1029. Let x = 1 + 82. Calculate the remainder when x is divided by h.
20
Let q = -22 + 31. Calculate the remainder when 23 is divided by q.
5
Let f = -43 + 87. Suppose f = c - 33. What is the remainder when c is divided by 20?
17
Suppose -3*g = -5*n + 7, -3*g + 4 = g. Suppose 0 = -0*h - 2*h + 3*l - 9, -n*l + 2 = 0. What is the remainder when 35 is divided by 8/(-12) + (-38)/h?
11
Let p(d) = d**3 - 23*d**2 + 24*d - 23. What is the remainder when 104 is divided by p(22)?
20
Suppose 2*g + 2*g - 105 = -5*u, 3*g = -4*u + 85. What is the remainder when 47 is divided by u?
22
Let c(p) = -3 + 0 - p + 0 - 9*p. What is the remainder when c(-3) is divided by 14?
13
Let s(r) = -11*r - 1. Let b(d) = -45*d - 4. Let f(c) = -2*b(c) + 9*s(c). Let w(v) = v + 1. Let k be w(-7). What is the remainder when f(k) is divided by 18?
17
Let n(d) = -d - 1. Let v be n(0). What is the remainder when 13 is divided by (3/(-3))/(v/4)?
1
Suppose -4*t - t = 0. Suppose -5*c + c - 4*b = -168, 2*c + 3*b - 85 = t. What is the remainder when c is divided by 21?
20
Let b(a) = 2*a**2 + 4*a + 2. Let n be b(-2). Suppose s - 7 = -n*c, -4*s - 1 = -2*c + 1. Suppose -2*j + s = -3. Calculate the remainder when 4 is divided by j.
0
Suppose -u + 2 = -1, -3*o = -u - 120. What is the remainder when o is divided by 14?
13
Let b(m) = -m**2 - m - 1. Let y(d) = 3